actors of 5316?
2, 3, 443
What are the prime factors of 640?
2, 5
List the prime factors of 926.
2, 463
List the prime factors of 1233.
3, 137
What are the prime factors of 92?
2, 23
What are the prime factors of 12322?
2, 61, 101
List the prime factors of 12.
2, 3
List the prime factors of 6149.
11, 13, 43
What are the prime factors of 4448?
2, 139
List the prime factors of 117053.
117053
List the prime factors of 6028.
2, 11, 137
What are the prime factors of 64866?
2, 3, 19, 569
List the prime factors of 41972.
2, 7, 1499
List the prime factors of 249.
3, 83
List the prime factors of 6220.
2, 5, 311
What are the prime factors of 12468?
2, 3, 1039
What are the prime factors of 682?
2, 11, 31
What are the prime factors of 474?
2, 3, 79
List the prime factors of 5004.
2, 3, 139
List the prime factors of 609.
3, 7, 29
What are the prime factors of 19260?
2, 3, 5, 107
What are the prime factors of 38858?
2, 19429
List the prime factors of 226.
2, 113
What are the prime factors of 5340?
2, 3, 5, 89
List the prime factors of 9681.
3, 7, 461
List the prime factors of 23997.
3, 19, 421
What are the prime factors of 407?
11, 37
List the prime factors of 3826.
2, 1913
List the prime factors of 111261.
3, 37087
List the prime factors of 1281.
3, 7, 61
What are the prime factors of 132537?
3, 44179
List the prime factors of 2158.
2, 13, 83
What are the prime factors of 1250?
2, 5
What are the prime factors of 974?
2, 487
What are the prime factors of 100923?
3, 33641
What are the prime factors of 70078?
2, 37, 947
What are the prime factors of 659?
659
What are the prime factors of 2528?
2, 79
What are the prime factors of 16536?
2, 3, 13, 53
List the prime factors of 5924.
2, 1481
What are the prime factors of 10411?
29, 359
List the prime factors of 867.
3, 17
What are the prime factors of 17260?
2, 5, 863
What are the prime factors of 122?
2, 61
List the prime factors of 1305.
3, 5, 29
List the prime factors of 1108.
2, 277
What are the prime factors of 1020?
2, 3, 5, 17
What are the prime factors of 5002?
2, 41, 61
List the prime factors of 53.
53
What are the prime factors of 2388?
2, 3, 199
What are the prime factors of 908?
2, 227
List the prime factors of 22975.
5, 919
List the prime factors of 14581.
7, 2083
List the prime factors of 2805.
3, 5, 11, 17
What are the prime factors of 20511?
3, 43, 53
List the prime factors of 65980.
2, 5, 3299
List the prime factors of 6048.
2, 3, 7
What are the prime factors of 3713?
47, 79
What are the prime factors of 40529?
40529
What are the prime factors of 154?
2, 7, 11
What are the prime factors of 10252?
2, 11, 233
List the prime factors of 238.
2, 7, 17
List the prime factors of 4768.
2, 149
What are the prime factors of 28366?
2, 13, 1091
List the prime factors of 5524.
2, 1381
What are the prime factors of 1644?
2, 3, 137
List the prime factors of 598.
2, 13, 23
What are the prime factors of 816?
2, 3, 17
List the prime factors of 4789.
4789
What are the prime factors of 3824?
2, 239
List the prime factors of 6190.
2, 5, 619
List the prime factors of 99839.
99839
List the prime factors of 15515.
5, 29, 107
What are the prime factors of 19994?
2, 13, 769
List the prime factors of 100948.
2, 25237
List the prime factors of 10327.
23, 449
What are the prime factors of 1188?
2, 3, 11
List the prime factors of 7624.
2, 953
List the prime factors of 40668.
2, 3, 3389
What are the prime factors of 8246?
2, 7, 19, 31
List the prime factors of 26676.
2, 3, 13, 19
List the prime factors of 13188.
2, 3, 7, 157
List the prime factors of 2142.
2, 3, 7, 17
List the prime factors of 6060.
2, 3, 5, 101
What are the prime factors of 4373?
4373
List the prime factors of 8573.
8573
List the prime factors of 11807.
11807
List the prime factors of 756.
2, 3, 7
What are the prime factors of 23194?
2, 11597
List the prime factors of 10620.
2, 3, 5, 59
What are the prime factors of 621?
3, 23
List the prime factors of 104484.
2, 3, 8707
List the prime factors of 317.
317
What are the prime factors of 33767?
33767
List the prime factors of 31499.
13, 2423
List the prime factors of 22950.
2, 3, 5, 17
What are the prime factors of 191?
191
List the prime factors of 86736.
2, 3, 13, 139
What are the prime factors of 27392?
2, 107
List the prime factors of 30055.
5, 6011
List the prime factors of 21434.
2, 7, 1531
What are the prime factors of 19527?
3, 23, 283
List the prime factors of 1139.
17, 67
List the prime factors of 1051.
1051
List the prime factors of 15016.
2, 1877
What are the prime factors of 8748?
2, 3
List the prime factors of 116016.
2, 3, 2417
What are the prime factors of 1600?
2, 5
What are the prime factors of 3425?
5, 137
What are the prime factors of 2953?
2953
What are the prime factors of 7791?
3, 7, 53
List the prime factors of 33630.
2, 3, 5, 19, 59
What are the prime factors of 10327?
23, 449
What are the prime factors of 2944?
2, 23
List the prime factors of 951.
3, 317
What are the prime factors of 2678?
2, 13, 103
What are the prime factors of 8183?
7, 167
What are the prime factors of 56849?
13, 4373
What are the prime factors of 63000?
2, 3, 5, 7
List the prime factors of 54288.
2, 3, 13, 29
List the prime factors of 8969.
8969
What are the prime factors of 1869?
3, 7, 89
What are the prime factors of 1735?
5, 347
What are the prime factors of 942?
2, 3, 157
List the prime factors of 4231.
4231
What are the prime factors of 2453?
11, 223
What are the prime factors of 3662?
2, 1831
What are the prime factors of 3174?
2, 3, 23
What are the prime factors of 3520?
2, 5, 11
List the prime factors of 3840.
2, 3, 5
What are the prime factors of 34446?
2, 3, 5741
List the prime factors of 18599.
7, 2657
What are the prime factors of 60519?
3, 20173
What are the prime factors of 16493?
16493
List the prime factors of 15013.
15013
What are the prime factors of 92465?
5, 18493
List the prime factors of 11719.
11719
List the prime factors of 3326.
2, 1663
List the prime factors of 11063.
13, 23, 37
What are the prime factors of 3854?
2, 41, 47
List the prime factors of 2762.
2, 1381
What are the prime factors of 21306?
2, 3, 53, 67
List the prime factors of 16168.
2, 43, 47
What are the prime factors of 272?
2, 17
List the prime factors of 170541.
3, 7, 2707
What are the prime factors of 3186?
2, 3, 59
List the prime factors of 3255.
3, 5, 7, 31
List the prime factors of 346.
2, 173
What are the prime factors of 3205?
5, 641
List the prime factors of 1812.
2, 3, 151
List the prime factors of 483.
3, 7, 23
List the prime factors of 310.
2, 5, 31
What are the prime factors of 20039?
29, 691
What are the prime factors of 54900?
2, 3, 5, 61
List the prime factors of 95883.
3, 31, 1031
What are the prime factors of 5124?
2, 3, 7, 61
List the prime factors of 5180.
2, 5, 7, 37
List the prime factors of 578.
2, 17
List the prime factors of 2611.
7, 373
List the prime factors of 10038.
2, 3, 7, 239
List the prime factors of 220.
2, 5, 11
What are the prime factors of 1079?
13, 83
What are the prime factors of 1644?
2, 3, 137
List the prime factors of 541.
541
What are the prime factors of 1786?
2, 19, 47
List the prime factors of 436.
2, 109
What are the prime factors of 124?
2, 31
List the prime factors of 1124.
2, 281
What are the prime factors of 1307?
1307
What are the prime factors of 1175?
5, 47
List the prime factors of 2284.
2, 571
List the prime factors of 64465.
5, 12893
What are the prime factors of 2543?
2543
What are the prime factors of 342?
2, 3, 19
List the prime factors of 23.
23
List the prime factors of 21747.
3, 11, 659
List the prime factors of 1096.
2, 137
What are the prime factors of 365?
5, 73
What are the prime factors of 6756?
2, 3, 563
What are the prime factors of 18700?
2, 5, 11, 17
What are the prime factors of 3823?
3823
What are the prime factors of 3291?
3, 1097
List the prime factors of 25255.
5, 5051
List the prime factors of 37460.
2, 5, 1873
List the prime factors of 12855.
3, 5, 857
What are the prime factors of 769?
769
List the prime factors of 29634.
2, 3, 11, 449
List the prime factors of 2745.
3, 5, 61
What are the prime factors of 12578?
2, 19, 331
List the prime factors of 916.
2, 229
List the prime factors of 57784.
2, 31, 233
What are the prime factors of 42470?
2, 